 -2. Suppose -31 = -c*m + m - 2*f, 0 = f. What are the prime factors of m?
31
What are the prime factors of 7 + (-2 + (-48)/21)/((-21)/9555)?
19, 103
Suppose 5*y - 47 = -u + 66, 5*u - 655 = 5*y. Suppose u = -6*c + 7*c. List the prime factors of c.
2
Let g be (-3)/(24/(-28)) + 1/(-2). Suppose -5*k + 4*l + 230 = -l, g*k - l - 132 = 0. Let w = k + 39. List the prime factors of w.
2, 41
Let j(h) = -5*h**2 - 364*h - 36. List the prime factors of j(-43).
23, 277
Suppose 2*x = 49 - 57. Let q(o) = o**3 - 4*o**2 - 13*o - 9. Let p(l) = l**2 + l - 1. Let i(n) = -4*p(n) - q(n). What are the prime factors of i(x)?
41
Suppose 0*n + 3*h = -4*n + 2449, -4*n + 2446 = 2*h. Let k = -368 + n. What are the prime factors of k?
2, 11
Suppose 4*q + 2985 - 7459 = -a, -5*q = 2*a - 8948. Suppose 0 = 8*d - a - 22. List the prime factors of d.
2, 281
Let f = 7711 - 4026. What are the prime factors of f?
5, 11, 67
Suppose -4*n = 12, 8*t = 11*t + n + 3. Suppose -i - 2*i + 2100 = 2*v, 4*v + i - 4210 = t. What are the prime factors of v?
3, 13
Let f = -60 + 65. Let m = 40 + -38. List the prime factors of m + 25 + f*1.
2
Let l be ((-60)/(-25))/(-6)*-15. Let v(b) = -b**2 - 14*b + 56. Let k be v(-17). Suppose l*c - 31 = 5*c + 3*u, 5*u + 205 = k*c. What are the prime factors of c?
2, 23
List the prime factors of 151377/27 + (3/(-4))/(378/(-224)).
3, 7, 89
Let i(w) be the third derivative of 31*w**6/120 - w**5/60 - w**4/8 + w**3 - 2*w**2 - 16. What are the prime factors of i(2)?
2, 61
Let t(d) = -87*d**2 - 4*d + 3. Let g(k) = k**2 - k. Let m(p) = 6*g(p) - t(p). List the prime factors of m(2).
5, 73
Suppose -303518 = -4*w + 3*j, -w + 3*j + 78265 - 2372 = 0. What are the prime factors of w?
5, 607
Let a(i) = -2*i**3 + 56*i**2 + 69*i - 84. Let d be a(28). Let u be 6 + (-2)/1*1. List the prime factors of u/(-5) + d/35.
2, 13
Suppose 179 + 93 = -4*d. Let r = -63 + 257. Let f = d + r. What are the prime factors of f?
2, 3, 7
What are the prime factors of ((-2106)/(-3)*3)/((-114)/(-1064))?
2, 3, 7, 13
Let t(c) = c**2 - 15*c + 53. Let u(y) = y**3 + 11*y**2 - 3*y - 13. Let v be u(-11). What are the prime factors of t(v)?
3, 17
Let o(u) = 18*u**3 + u**2 - u + 1. Let w be (2 + -3)*-2 + -1. Let p be o(w). Suppose -241 + p = -3*a. List the prime factors of a.
2, 37
Let j = -124 - -216. Let z = j - 53. Suppose -n + z = -18. What are the prime factors of n?
3, 19
List the prime factors of ((-2532)/48 - 12)/(1*(-3)/12).
7, 37
Suppose -540 = -2*i + 2*v + 12836, v - 33452 = -5*i. List the prime factors of i.
2, 3, 5, 223
Suppose -4*o = -9*j - 212360, 265507 = 8*o - 3*o + 3*j. List the prime factors of o.
29, 1831
Suppose 18*p - 14*p - 53499 = 5*g, 2*g + 26750 = 2*p. What are the prime factors of p?
2, 11, 19
Let i(x) = -x**2 - 9*x + 3. Let z = -65 - -56. Let w be i(z). Suppose 385 = w*h + 2*h. List the prime factors of h.
7, 11
Suppose 1569828 = 113*o + 3*o. List the prime factors of o.
3, 13, 347
Let t(r) = 11*r**2 - 5*r + 1. Suppose -27*u - 30 - 105 = 0. List the prime factors of t(u).
7, 43
Suppose -s - 2 = -5, -5532 = -3*v + 4*s. Let h be 2/(-5) + 1 + v/20. Suppose -60 = -4*j - 5*i + 297, -2*i = j - h. List the prime factors of j.
83
Let t(m) = -m**3 - 14*m**2 - 8*m - 503. What are the prime factors of t(-31)?
2, 11, 17, 43
Suppose -171*v = -172*v + 2*f, 4*v + 2*f + 10 = 0. Suppose 0*l + 2232 = -o + 2*l, -3*o - 6676 = -2*l. List the prime factors of o/(-33) - v/(-6).
67
Suppose 20 = -2*s + 4*s. Suppose -s = -2*b - 0*b. Suppose b*r - 186 = 449. What are the prime factors of r?
127
Suppose -3*t - 4*k - 27527 = -89234, -4*k = 4*t - 82288. List the prime factors of t.
11, 1871
Let s(l) = l**3 + 15*l**2 - 38*l - 64. Let j be s(-17). Suppose -3*q - 1236 = 9*d - 12*d, j*q - 2051 = -5*d. List the prime factors of d.
3, 137
Let q(g) = -993*g + 8014. What are the prime factors of q(-59)?
66601
Let h(x) = -x**2 + x. Let y(p) be the second derivative of -4*p**4/3 - 4*p**3/3 - p**2/2 + 6*p. Let n(z) = -5*h(z) - y(z). What are the prime factors of n(-2)?
79
Suppose -826 + 4796 = 10*n. Let b = n - -351. What are the prime factors of b?
2, 11, 17
Suppose 2*j - 2*i = -5*i - 567, -5*j + 5*i = 1355. Let d = j + -3. Let s = d + 413. List the prime factors of s.
2, 67
Let c = 168 + -180. List the prime factors of c/32 - (-5 + (-33810)/48).
709
Suppose 5 - 2 = n. Suppose n*b - 3*r + 4 = r, 5*b - 5*r = 0. Suppose b*p = 2*p + 336. What are the prime factors of p?
2, 3, 7
Suppose 0 = 238*u - 240*u - m + 109198, 109230 = 2*u + 5*m. List the prime factors of u.
5, 61, 179
Suppose -2*z + 35 = 5*z. Suppose -887 = -z*l - 312. Suppose 0 = 5*a - 5*g - l, -2*g - 74 = 3*a - 6*a. What are the prime factors of a?
2, 7
Let k(b) = -3*b**3 + 16*b**2 + 101*b - 15. What are the prime factors of k(-6)?
3, 67
Let k be (26/(-91))/(2 + 30/(-14)). Suppose k*y + 5*o = 1932, y - 2*o + 4*o = 966. List the prime factors of y.
2, 3, 7, 23
Let i(c) = 6*c**3 - 12*c + 65. List the prime factors of i(9).
61, 71
Let b = -10698 - -32502. What are the prime factors of b?
2, 3, 23, 79
Let u(i) be the third derivative of i**6/120 + i**5/15 + 5*i**4/24 - 5*i**3/6 - 33*i**2. Let k be u(5). Suppose -4*s + 35 = -k. What are the prime factors of s?
2, 5, 7
Suppose 0*n + 50*n = 613550. List the prime factors of n.
7, 1753
Suppose 64*v = 129*v - 45*v - 598360. List the prime factors of v.
2, 7, 2137
Suppose -4*z + 2*r + 2572 = 0, 4*z + 3*r - 3193 = -z. Let x = z + -247. What are the prime factors of x?
2, 197
Suppose 0 = 3*n - 1 + 4. Let t = -103 + n. List the prime factors of (t/(-2) - -4) + 0.
2, 7
Suppose -69*q = -38*q - 615257. List the prime factors of q.
89, 223
Suppose 2*z - 5 = n + 4*n, -3*z + 3 = -3*n. Suppose z = 7*h + 291 - 1537. Suppose 0 = 9*b - 853 + h. What are the prime factors of b?
3, 5
Let t be (-4)/(-18) - 0 - (-3175)/9. Let r = t - 65. Suppose 6*m = -2*m + r. What are the prime factors of m?
2, 3
What are the prime factors of ((-924)/(-35))/((-3)/(-240))?
2, 3, 11
Suppose 0 = -3*a + 74 + 130. Suppose -a*y + 63*y = -3365. What are the prime factors of y?
673
Let g = -22005 + 76612. What are the prime factors of g?
7, 29, 269
Suppose 5*p = 6*p - 2. What are the prime factors of (-51)/6*p*-5?
5, 17
Let z = 261 + -175. Let o = z - 33. What are the prime factors of o?
53
Let i = 13736 - 7936. List the prime factors of i.
2, 5, 29
Suppose -5*q + 5*s + 6294 = 17289, 8801 = -4*q + 5*s. Let z = -1315 - q. List the prime factors of z.
3, 293
Suppose -4*y = -3*y - 5*j + 18, -3*y + 2 = -j. Let g be 3 + y + 8/(-4). Suppose g*i - 2*a = -0*a + 4, 0 = -5*i + 5*a. List the prime factors of i.
2
Let t be (2/(-6))/(-2*2/12). Suppose 16 = -4*p, x + 3*x + 24 = -4*p. What are the prime factors of (183/(-3))/(x + t)?
61
Suppose -3*v = 4*l - 8 - 10, 3*v = -2*l + 12. Let k(r) = 4*r + 8*r**3 + 12 - 9*r**2 - 17*r**l + 12*r + 8*r**3. List the prime factors of k(-11).
2, 3, 13
Suppose 3*s + 4*d - 5*d - 1757 = 0, -1763 = -3*s - 5*d. Suppose 3*u = -2*f + u + s, -4*u = -f + 313. List the prime factors of f.
3, 11
Suppose 2*v = 3*l + 11, 2*v + 5*l = 3*v - 16. Suppose -g + v = 0, -5*g + 1540 = 4*r - g. Suppose -6*a + r = -342. List the prime factors of a.
11
Let s = -35 + 124. Suppose -93*q + 16 = -s*q. Suppose 8*j = 4*j + g + 207, 0 = -4*j - q*g + 192. List the prime factors of j.
3, 17
Suppose 7*b - 90 = 148. Suppose 0 = -37*a + b*a + 528. What are the prime factors of a?
2, 11
Let u be ((-42)/9)/((-1)/3). Suppose -u*d + 11*d = -783. Suppose n + 8*n = d. List the prime factors of n.
29
Let t(s) = -s**3 + s**2 + 6*s + 5. Let w be t(-2). Suppose -8*m = -4*m - w*q - 2941, 2*m + 2*q = 1448. What are the prime factors of m?
3
Let s = 64233 - 42585. What are the prime factors of s?
2, 3, 11, 41
Let l(m) be the first derivative of 11*m**3 - 17*m**2/2 + 139*m - 223. What are the prime factors of l(7)?
1637
Let u = 2441 - 1552. Let o = -457 + u. Suppose 144 - o = -3*l. What are the prime factors of l?
2, 3
Suppose -5*k + 20 = 0, -3*s - k = -2 - 5. Let t(a) = 512*a - 3. List the prime factors of t(s).
509
Suppose 0 = -5*z + 3*m + 277453, 132*m - 135*m = -z + 55469. List the prime factors of z.
2, 7, 991
Suppose -5 = -g - 4*g. Let c be g*(1 - 4) + 4 + 0. List the prime factors of (-7)/(35/370)*c/(-2).
37
Suppose -5*m - 5*j + 76675 = 0, 0 = 105*m - 101*m - 2*j - 61382. List the